{"id":103,"date":"2017-08-28T13:27:29","date_gmt":"2017-08-28T10:27:29","guid":{"rendered":"https:\/\/triinlingiene.ee\/ttgteachers\/?page_id=103"},"modified":"2019-08-24T13:49:40","modified_gmt":"2019-08-24T10:49:40","slug":"dublin","status":"publish","type":"page","link":"https:\/\/triinlingiene.ee\/ttgteachers\/opiranded\/dublin\/","title":{"rendered":"\u00dcheksas ja k\u00fcmnes \u00f5pir\u00e4nne"},"content":{"rendered":"<h5>Veebruari l\u00f5pus, m\u00e4rtsi alguses 2019 s\u00f5itsid Iirimaale ajaloo ja \u00fchiskonna\u00f5petuse \u00f5petaja Liia Vijand ning prantsuse ja hispaania keele \u00f5petaja Katrin Tikko. Seekord viis <a href=\"https:\/\/www.englishmatters.org\/index.php\/courses\/erasmus_plus\/educational-visit-ireland\" target=\"_blank\" rel=\"noopener noreferrer\">English Matters<\/a>\u2019i meeskond rahvusvahelise \u00f5petajate ja koolijuhtide seltskonna n\u00e4dalasele hariduslikule \u00f5ppek\u00e4igule Dublinisse.<\/h5>\n<p>See reis andis meile hea v\u00f5imaluse tutvuda l\u00e4hemalt Iirimaa haridus- s\u00fcsteemi, kultuuri ja ajalooga. Koos arvukate Euroopa kolleegidega k\u00fclastasime kolme eripalgelist kooli:<a href=\"https:\/\/www.desmondcollege.ie\/\">Desmond College<\/a>, <a href=\"http:\/\/www.loretothegreen.ie\/\">Loreto College <\/a>ja <a href=\"http:\/\/www.dominican-college.com\/\">Dominican College<\/a>.<\/p>\n<p>P\u00f5nev oli n\u00e4ha, kuidas toimub \u00f5ppet\u00f6\u00f6 erakoolis, katoliiklikus t\u00fctarlastekoolis ja erivajadustega \u00f5pilaste koolis. Avaldas muljet, et v\u00f5rdselt akadeemilisuse ja distsipliiniga v\u00e4\u00e4rtustati k\u00f5rgelt vaimset tervist, hoolivust ja sotsiaalselt vastutustunnet. Samuti andis m\u00f5tlemisainet, kuidas on v\u00f5imalik saavutada tipptulemusi ilma stressi, aja- v\u00f5i hinnete surveta.<\/p>\n<p><a href=\"https:\/\/triinlingiene.ee\/ttgteachers\/wp-content\/uploads\/2019\/03\/Group-3.jpg\" target=\"_blank\" rel=\"noopener noreferrer\"><img loading=\"lazy\" class=\"aligncenter wp-image-964 size-full\" src=\"https:\/\/triinlingiene.ee\/ttgteachers\/wp-content\/uploads\/2019\/03\/Group-3.jpg\" alt=\"\" width=\"877\" height=\"520\" data-id=\"964\" srcset=\"https:\/\/triinlingiene.ee\/ttgteachers\/wp-content\/uploads\/2019\/03\/Group-3.jpg 877w, https:\/\/triinlingiene.ee\/ttgteachers\/wp-content\/uploads\/2019\/03\/Group-3-300x178.jpg 300w, https:\/\/triinlingiene.ee\/ttgteachers\/wp-content\/uploads\/2019\/03\/Group-3-768x455.jpg 768w\" sizes=\"(max-width: 877px) 100vw, 877px\" \/><\/a><\/p>\n","protected":false},"excerpt":{"rendered":"<p>Veebruari l\u00f5pus, m\u00e4rtsi alguses 2019 s\u00f5itsid Iirimaale ajaloo ja \u00fchiskonna\u00f5petuse \u00f5petaja Liia Vijand ning prantsuse ja hispaania keele \u00f5petaja Katrin Tikko. Seekord viis English Matters\u2019i meeskond rahvusvahelise \u00f5petajate ja koolijuhtide seltskonna n\u00e4dalasele hariduslikule \u00f5ppek\u00e4igule Dublinisse. See reis andis meile hea &hellip; <a class=\"kt-excerpt-readmore\" href=\"https:\/\/triinlingiene.ee\/ttgteachers\/opiranded\/dublin\/\" aria-label=\"\u00dcheksas ja k\u00fcmnes \u00f5pir\u00e4nne\">Read More<\/a><\/p>\n","protected":false},"author":1,"featured_media":0,"parent":14,"menu_order":5,"comment_status":"closed","ping_status":"closed","template":"page-sidebar.php","meta":{"_mi_skip_tracking":false},"_links":{"self":[{"href":"https:\/\/triinlingiene.ee\/ttgteachers\/wp-json\/wp\/v2\/pages\/103"}],"collection":[{"href":"https:\/\/triinlingiene.ee\/ttgteachers\/wp-json\/wp\/v2\/pages"}],"about":[{"href":"https:\/\/triinlingiene.ee\/ttgteachers\/wp-json\/wp\/v2\/types\/page"}],"author":[{"embeddable":true,"href":"https:\/\/triinlingiene.ee\/ttgteachers\/wp-json\/wp\/v2\/users\/1"}],"replies":[{"embeddable":true,"href":"https:\/\/triinlingiene.ee\/ttgteachers\/wp-json\/wp\/v2\/comments?post=103"}],"version-history":[{"count":5,"href":"https:\/\/triinlingiene.ee\/ttgteachers\/wp-json\/wp\/v2\/pages\/103\/revisions"}],"predecessor-version":[{"id":1378,"href":"https:\/\/triinlingiene.ee\/ttgteachers\/wp-json\/wp\/v2\/pages\/103\/revisions\/1378"}],"up":[{"embeddable":true,"href":"https:\/\/triinlingiene.ee\/ttgteachers\/wp-json\/wp\/v2\/pages\/14"}],"wp:attachment":[{"href":"https:\/\/triinlingiene.ee\/ttgteachers\/wp-json\/wp\/v2\/media?parent=103"}],"curies":[{"name":"wp","href":"https:\/\/api.w.org\/{rel}","templated":true}]}}